107
What is the highest common factor of 19 and 79406662?
19
Calculate the highest common factor of 3534 and 2199136.
38
What is the greatest common factor of 1915564 and 8288?
1036
Calculate the greatest common divisor of 27 and 6323040.
9
What is the greatest common factor of 200939 and 7930081?
4673
What is the greatest common factor of 76 and 4450902?
38
What is the greatest common divisor of 969 and 21878728?
323
Calculate the highest common factor of 11713201 and 59274.
3293
Calculate the greatest common divisor of 77 and 7864605.
7
What is the highest common divisor of 124 and 24826598?
62
What is the greatest common divisor of 18925748 and 620?
124
Calculate the greatest common divisor of 10045 and 4394831.
287
Calculate the highest common divisor of 1766237336 and 8.
8
What is the highest common divisor of 28630 and 1505?
35
What is the greatest common factor of 139327 and 31011257?
7333
What is the highest common factor of 971695 and 465?
155
Calculate the greatest common factor of 743 and 15131938.
743
What is the greatest common divisor of 42210 and 264382?
134
Calculate the highest common divisor of 1138617 and 8181.
81
What is the greatest common factor of 186 and 398081044?
62
What is the highest common divisor of 1492 and 274392601?
373
Calculate the greatest common factor of 12998 and 317578.
194
Calculate the greatest common divisor of 2314 and 4560036.
26
Calculate the greatest common factor of 4972990 and 29645.
55
Calculate the greatest common factor of 6760 and 946840.
40
Calculate the highest common factor of 1449540 and 4480.
20
Calculate the greatest common divisor of 4671 and 61968081.
519
What is the highest common divisor of 84643 and 234779?
383
What is the highest common factor of 229748008 and 16?
8
What is the greatest common factor of 343 and 80971324?
343
Calculate the greatest common divisor of 1904409 and 4017.
39
Calculate the greatest common divisor of 2260840 and 111360.
1160
What is the greatest common divisor of 2499 and 10102029?
357
What is the highest common divisor of 461387886 and 2190?
438
What is the highest common factor of 213 and 2577158?
71
What is the greatest common divisor of 65299 and 12870?
13
Calculate the greatest common divisor of 1138037 and 122713.
1681
Calculate the greatest common divisor of 308374428 and 4494.
642
What is the greatest common factor of 82956 and 153822?
186
Calculate the highest common factor of 466659 and 570.
57
What is the highest common divisor of 384 and 236681376?
96
Calculate the highest common factor of 260372 and 3672.
68
Calculate the highest common divisor of 22575 and 14476595.
1505
Calculate the greatest common factor of 284328 and 27522.
198
Calculate the highest common divisor of 14 and 212269883.
7
What is the highest common divisor of 27137 and 27257?
1
Calculate the highest common factor of 5 and 346762645.
5
Calculate the highest common factor of 460290 and 277782.
402
What is the greatest common factor of 248 and 313606726?
62
Calculate the greatest common factor of 351453866 and 6038.
6038
What is the greatest common divisor of 8452140 and 180?
60
Calculate the highest common factor of 1149336 and 184824.
1224
Calculate the highest common factor of 1326 and 4574427.
39
Calculate the greatest common factor of 466500398 and 12558.
4186
What is the highest common factor of 5602431 and 6?
3
Calculate the highest common divisor of 10455205 and 2665.
205
Calculate the greatest common divisor of 4860 and 26361612.
972
What is the greatest common divisor of 16848459 and 1539?
513
Calculate the greatest common divisor of 7984 and 19455511.
499
What is the highest common factor of 764272 and 4366?
74
Calculate the greatest common factor of 42779 and 7205.
11
What is the greatest common factor of 75175 and 9115550?
775
What is the highest common divisor of 14647 and 82935?
97
What is the greatest common divisor of 24960 and 1807488?
384
What is the highest common divisor of 572 and 2687542?
286
Calculate the highest common divisor of 909 and 31253137.
101
Calculate the greatest common factor of 1325635 and 3995.
235
What is the greatest common divisor of 92108088 and 72?
72
Calculate the greatest common factor of 23733479 and 374.
187
What is the highest common divisor of 158814098 and 20568?
1714
Calculate the highest common factor of 130753370 and 110.
110
Calculate the greatest common divisor of 1194390 and 7862202.
10386
What is the highest common divisor of 194138 and 86436?
686
What is the greatest common divisor of 49011499 and 1157?
89
Calculate the highest common factor of 260714376 and 18.
18
What is the highest common divisor of 168625 and 110125?
125
Calculate the greatest common factor of 789208 and 30464.
952
What is the greatest common factor of 375500 and 28?
4
Calculate the highest common divisor of 75238 and 1802.
2
What is the highest common factor of 161055 and 21060?
135
Calculate the greatest common divisor of 10218832 and 260.
52
What is the highest common factor of 53910060 and 120?
60
What is the highest common factor of 69313303 and 7713?
857
What is the highest common divisor of 114907 and 143?
13
What is the highest common factor of 50229316 and 388?
388
What is the greatest common divisor of 7905 and 17205?
465
What is the highest common divisor of 6903 and 8229969?
531
Calculate the highest common factor of 149886331 and 357.
119
What is the greatest common divisor of 645958 and 59?
1
Calculate the greatest common factor of 76395 and 11616.
33
Calculate the greatest common divisor of 137577 and 132.
33
What is the greatest common factor of 357 and 1818369?
21
What is the greatest common factor of 945969156 and 99?
99
Calculate the highest common factor of 157157784 and 1512.
504
What is the greatest common factor of 100197 and 32162?
1237
What is the greatest common factor of 144 and 132575376?
48
What is the greatest common factor of 342578 and 5768?
206
What is the greatest common factor of 69106 and 987772?
634
What is the greatest common factor of 163 and 35936447?
163
Calculate the greatest common factor of 3250344 and 384.
24
What is the highest common factor of 1812 and 5841216?
12
Calculate the highest common factor of 2940 and 9706753.
49
What is the greatest common divisor of 1856 and 562752?
64
What is the highest common divisor of 270908 and 36608?
44
What is the highest common divisor of 48901 and 1501?
79
Calculate the greatest common divisor of 535 and 172258765.
535
What is the greatest common factor of 17389010 and 20?
10
Calculate the highest common factor of 4900 and 469028.
196
What is the highest common factor of 230127 and 2706177?
2913
What is the greatest common divisor of 100363950 and 51750?
10350
What is the highest common factor of 130 and 254956?
26
What is the greatest common divisor of 102592619 and 328?
41
What is the highest common factor of 18 and 9859338?
18
Calculate the greatest common divisor of 5920 and 631405.
185
Calculate the highest common factor of 216195 and 895440.
105
Calculate the greatest common factor of 371064410 and 70.
10
What is the highest common divisor of 546 and 25014600?
78
What is the highest common factor of 3176817 and 6321?
147
What is the greatest common factor of 84339 and 117?
9
Calculate the highest common factor of 86931 and 115011.
117
Calculate the highest common divisor of 26981374 and 42.
14
Calculate the highest common divisor of 63972495 and 405.
45
Calculate the highest common divisor of 3176 and 343749596.
1588
Calculate the highest common divisor of 36 and 6476418.
18
What is the highest common factor of 100 and 21344910?
10
Calculate the greatest common divisor of 4488 and 2615348.
68
Calculate the greatest common divisor of 15094048 and 1162.
166
What is the greatest common factor of 25768 and 82952?
8
What is the greatest common divisor of 736 and 2812808?
184
Calculate the highest common factor of 60454 and 6367942.
362
What is the highest common divisor of 288536774 and 263?
263
What is the highest common factor of 3525038 and 9617?
163
Calculate the greatest common divisor of 14186 and 246179.
173
Calculate the greatest common factor of 88 and 44066429.
11
What is the highest common factor of 3197 and 2291971?
139
Calculate the highest co